q?
7
Let r be -1*(-1 - -6)*1. Let k = -2 - r. Suppose -k*p + 63 = -2*n + 4*n, 0 = 2*n - 4*p - 42. Calculate the remainder when n is divided by 14.
13
Suppose 4*y = -5 + 29. Suppose 3*m + 66 = y*m. What is the remainder when m is divided by 12?
10
Suppose -3*q - 32 = -7*q. Calculate the remainder when (-392)/(-18) - (-6)/27 is divided by q.
6
Let f = -86 - -123. Let m = f + 18. Calculate the remainder when m is divided by 14.
13
Suppose 2*j - 2*h = 38, 6 = 3*h - 0. Suppose 5 - 17 = -k. What is the remainder when j is divided by k?
9
Let z(n) = n**2 + 11*n + 27. Let m = 91 - 39. What is the remainder when m is divided by z(-11)?
25
Suppose -121*q + 164 = -119*q. Suppose -30 = -2*d + 3*n, 33 = d + n + 2*n. What is the remainder when q is divided by d?
19
Let x(r) = r**2 - 6*r + 13. Let o(k) = k. Calculate the remainder when x(6) is divided by o(4).
1
Let r = 6 + -2. Calculate the remainder when r is divided by -2 + (-5)/3*-3.
1
Let l be 4 + 2 + (1 - 3). Suppose 7 + 3 = q - n, -5*q + l*n + 53 = 0. Calculate the remainder when q is divided by 7.
6
Suppose -4*a + 2*a - 2*j = -94, -3*a = 5*j - 137. What is the remainder when a is divided by 17?
15
Let f(i) = -i**3 + i**2 + i + 19. Let k(w) = w**2 + 0*w - 5 - 4*w - 2*w**2 - 3*w. Calculate the remainder when f(0) is divided by k(-4).
5
Let f = -5 - -20. Suppose -3*r = 4*i - 45, -i + 3*r + f = 5*r. Let g = -7 + i. Calculate the remainder when 6 is divided by g.
0
Suppose -3*h = 2*n - 68, -2*n = 2*h + 2*n - 32. Calculate the remainder when 155 is divided by h.
25
Suppose 2*a = -3*q, -5*a + 3*q + 23 = -q. Let x = 33 - 0. Suppose a*i - 104 = -w - x, -i + 2*w = -12. What is the remainder when 64 is divided by i?
20
Let u = -22 - -30. Calculate the remainder when u is divided by 3.
2
Let j(g) = -g**3 - 4*g + 2. What is the remainder when 107 is divided by j(-2)?
17
Let w = 11 + -8. Suppose 0*h - d = h - 76, w*d = 4*h - 318. Let b = -46 + h. Calculate the remainder when b is divided by 17.
15
Suppose 5 = 5*x + j + 2*j, 4*j - 2 = -2*x. Calculate the remainder when 31 is divided by x/2 - 63/(-6).
9
Let g(s) be the second derivative of s**3/2 - 5*s**2 + 2*s. Calculate the remainder when 31 is divided by g(7).
9
Suppose -3*w - 28 = 4*m - 2*w, 0 = -4*m - 2*w - 32. Let y = -11 - -9. Let l = y - m. Calculate the remainder when 11 is divided by l.
3
Suppose -280 = -5*v + 3*z, -10*v + 12*v - 3*z = 103. What is the remainder when v is divided by 20?
19
Suppose 0 = 3*q + 4 + 5. Let u = q + 7. Suppose 4*r = 5*n + 32, -5*r + r - 8 = 5*n. Calculate the remainder when u is divided by r.
1
Let u(o) = o**3 - 8*o**2 + 2*o - 7. Let q be u(7). Calculate the remainder when (105/(-6))/(2/(-4)) is divided by 28/(-6)*108/q.
11
Suppose 0*i = -2*i + 12. Let o = -52 + 73. What is the remainder when o is divided by i?
3
Let x be 1/(1 - (-2)/(-3)). Let r = 11 - x. Calculate the remainder when 46/2 + 1*-1 is divided by r.
6
Suppose -3*o - 5*w = 65, 3 = -o + 4*w - w. Let p = o - 3. Calculate the remainder when (222/p)/(1/(-3)) is divided by 13.
11
Let k(i) = -i**3 - 6*i**2 + 3*i - 3. Let t(a) = a**3 + 3*a**2 - 2*a + 1. Let l(d) = 3*k(d) + 5*t(d). What is the remainder when 39 is divided by l(3)?
19
Suppose -3*a = -3*u - 165, -4*u = -2*a - 7*u + 125. Suppose -16 - 74 = -3*d. Calculate the remainder when a is divided by d.
28
Let u be 6 + -5 + (0 - 4). What is the remainder when 10/15 + 208/3 is divided by (u/(-2))/(4/48)?
16
Let u be 4/(0 + 0 + -1). Let d = -3 - u. Calculate the remainder when 5 is divided by 0 + (-4*d)/(-2).
1
Let o = -23 - -43. What is the remainder when 59 is divided by o?
19
Let h(x) be the second derivative of x**3/6 + 2*x**2 - x. Calculate the remainder when (33/9 + -3)*3 is divided by h(-3).
0
Let i be (2 + -4)/(2/(-7)). Let z = 31 - i. Suppose 0 = -5*w + 4 + 61. What is the remainder when z is divided by w?
11
Let u = 93 + -64. Calculate the remainder when 143 is divided by u.
27
Let t(g) = g**3 + g**2 + 2*g - 3. Suppose -s - 5 = -3*y - 0*y, s = 4*y - 9. Calculate the remainder when t(2) is divided by s.
6
Let v(i) = -i**3 - 13*i**2 - 4*i - 11. Calculate the remainder when v(-13) is divided by 11.
8
Let t(s) = s**2 + s - 12. Let f be t(0). Let n = f - -6. Calculate the remainder when 20 is divided by (-2)/n + (-128)/(-12).
9
Let r(t) = 4*t**3 + 2*t**2 + t - 1. Let h be r(-2). Calculate the remainder when (h/12)/((-6)/32) is divided by 4.
0
Suppose 5*b = 12 + 43. Calculate the remainder when b is divided by 6.
5
Suppose -4*f - 7*f + 198 = 0. Calculate the remainder when f is divided by 7.
4
Let t(k) = -41*k - 7. Let s be t(-5). Let h = s + -121. Calculate the remainder when h is divided by 20.
17
Let r be (3 - 2)*(1 + -1). Suppose -y = -r*y - 2. Let p = 3 - 1. What is the remainder when p is divided by y?
0
Let z = -9 - -18. Suppose -f = -3*f + 8. Suppose -5*y - l = -4*l - 140, -f*y + 5*l = -125. What is the remainder when y is divided by z?
7
Let l be (3 - (-30)/(-9))*15. Let a(d) = -18*d - 2. Let t be a(l). Suppose 4*f - t + 16 = 0. What is the remainder when f is divided by 7?
4
Suppose 0 = -3*l - 5*k + 14, 0*k - 42 = -4*l + 5*k. Suppose 0 = -4*n + l*n - 84. What is the remainder when n is divided by 11?
10
Let m be 3*1*(-2)/(-3). Suppose -m*v + 3 + 1 = 0. Suppose 4*i - v*h - 44 = 0, -4*i + 58 = -0*i + 5*h. What is the remainder when 23 is divided by i?
11
Let h be ((-9)/3)/(2/(-2)). Suppose 3*q - 1 = -5*a + 20, -h*a + 5*q = -33. Calculate the remainder when (3 + -37)/(3 + -5) is divided by a.
5
Suppose 35 = 5*u - 20. Let j = 31 - u. Calculate the remainder when j is divided by 7.
6
Let i(u) = 2*u + 53. Calculate the remainder when i(-14) is divided by 10.
5
Suppose -v - 4 = 0, 0 = 4*l - 3*v + v - 96. Calculate the remainder when l is divided by 7.
1
Let g = 29 + -17. What is the remainder when 21 is divided by g?
9
Let k = 4 - 2. Suppose -142 = -4*p - k*f, p + 75 = 3*p + 5*f. Calculate the remainder when p is divided by 12.
11
Let r(z) = -2*z**3 - 4*z**2 - 3*z - 1. Let j be r(-3). Suppose 2 = -3*i + j. Calculate the remainder when 21 is divided by i.
5
Let s = 1 + -1. Suppose 0*q - q + 16 = s. Let v = -13 + 19. Calculate the remainder when q is divided by v.
4
Let n = 38 - -18. Suppose -2*w + 16 = 4*q, -2*q - n = -3*w - 0*q. What is the remainder when 2/(-8) - 370/(-8) is divided by w?
14
Suppose 8 = -4*c + 2*c. Let r = c - -7. Suppose 4*l = 7 + 17. Calculate the remainder when l is divided by r.
0
Let y(g) = g**3 + 10*g**2 - 4*g - 4. Let l be (2 + -5)/(4/8). Calculate the remainder when y(-10) is divided by (-39)/2*4/l.
10
Let f(y) = y**2 + 11*y - 8. Let i be f(-12). Suppose -x + 5*q + 40 = 0, -4*x + 40 = i*q - 0*q. What is the remainder when x is divided by 4?
3
Suppose -3 = -2*f - 5*k, 0*k - 46 = -4*f - 2*k. Suppose -u = 3*l - 35, 195 = -0*u + 5*u + 5*l. Calculate the remainder when u is divided by f.
13
Let i(u) = -u**3 + 8*u**2 + 4*u - 6. Suppose 3*m - m = 16. Let r be i(m). What is the remainder when r/6 + 2/3 is divided by 2?
1
Let i(k) = -k**3 - 8*k**2 - 3*k - 8. Let s = 1 + -3. Let f be 4/(s*(-2)/(-8)). Calculate the remainder when i(f) is divided by 6.
4
Suppose 2*m = 4*f - 58, 5*f - 3*m - 24 - 49 = 0. Calculate the remainder when 24 is divided by f.
10
Let x(j) = 5*j**2 + 3*j + 2. Let c be x(-7). Suppose -4*g = c - 26. What is the remainder when 23 is divided by g/(-6) - 1/3?
7
Suppose -6*a + 9*a - 12 = 0. Suppose a*g - 2 + 18 = 4*d, 5*g + 10 = 3*d. Calculate the remainder when 13 is divided by d.
3
Let c be (-2 - -3)/(-3)*-9. Suppose -c*p + 37 = 1. What is the remainder when p is divided by 7?
5
Let f(y) = -y**3 + 9*y**2 - 6*y + 5. Let b be f(8). Suppose -2*i + p + b = 0, 0 = -4*i + p - 15 + 56. Calculate the remainder when 18 is divided by i.
8
Let f(i) = i**3 - 5*i**2 + 3. Let k be f(5). Suppose -k*w = -11 - 22. Let y(q) = q**3 + 4*q**2 - 4*q - 2. Calculate the remainder when y(-3) is divided by w.
8
Suppose 3*x - 22 = 5*x. Let t = 3 - x. What is the remainder when 39 is divided by t?
11
Let z be 6 + (-1 - 0 - 1). Let w = 11 - z. What is the remainder when w is divided by 4?
3
Let u(m) = -m**3 - 3*m**2 + 4*m. Let h be u(-4). Suppose 4*j + 2 - 10 = h. What is the remainder when 13 is divided by (45/(-6))/(-3)*j?
3
Let x(y) = y**3 + 4*y**2 - 6. Calculate the remainder when 35 is divided by x(2).
